-5*k - 5*v + 25 = 0, 3*k - 3*v + 10 = -v. Suppose -4*h + 16 = -k*w + 4*w, -4*h = 2*w - 6. Give p(h).
-1
Suppose -47*b = -32*b + 197 - 62. Let r(p) = -p**3 - 7*p**2 + 15*p - 21. What is r(b)?
6
Let z(s) = 13*s - 42. Let i(c) = -9*c**2 + 9*c + 111. Let f be i(4). Give z(f).
-3
Suppose -3*f - 47 = -3*k - 41, -5*k - 2 = -3*f. Let r be ((-1 + 0)*0)/(-1). Let w(p) = -2*p + r*p**2 + p**2 + p**3 + 4*p**2 + 6. What is w(f)?
-18
Suppose 1452 = -213*t - 4938. Let b(f) = 2*f + 58. Calculate b(t).
-2
Let o(n) = -7*n**2 - 16*n - 44. Let p(v) = 8*v**2 + 16*v + 44. Let r(q) = -7*o(q) - 6*p(q). Let z be r(-13). Let k(h) = h**3 - 3*h**2 - 7*h + 4. What is k(z)?
19
Let q(v) be the third derivative of 0 - v**2 - 1/24*v**4 + 0*v**5 - 2*v - 2/3*v**3 + 1/120*v**6. What is q(3)?
20
Suppose 216 = 37*h - h. Let t(y) = -y**3 + 7*y**2 - 12*y + 41. Calculate t(h).
5
Let u = -4692 - -4694. Let q(r) = 2*r**3 - 4*r + 3. Give q(u).
11
Let i(k) = 4*k - 4 - 6 + 2 + 4 - k**3 + k**2 + 0*k. What is i(2)?
0
Let b = 104 - 104. Let v(u) = u + b*u - 2*u - 38 + 20. Suppose -7*t + 2*t + 20 = -4*q, 5*q + 4*t - 16 = 0. Determine v(q).
-18
Suppose 2*u - 3*y - 24 = 0, 23 - 7 = 4*u + 2*y. Let h(a) = -12*a + 7. Let i(p) = -2*p + 2. Let t(n) = 2*h(n) - 14*i(n). Determine t(u).
10
Let p(r) be the second derivative of -5*r**4/12 + r**3/3 + 5*r**2/2 + 1354*r + 2. Calculate p(2).
-11
Let v(i) = i - 1. Let n = 17 - -8. Suppose n - 42 = -t. Suppose -5*m - 4*g = -t, -m - 3*g = -5*m + 26. What is v(m)?
4
Let r(y) = -y**2 + 140*y**3 - 139*y**3 + 2*y**2. Let s(j) = -2*j**3 - 4*j**2 + 7. Let w(u) = -3*r(u) - s(u). Calculate w(0).
-7
Let i(m) be the first derivative of 1/2*m**2 - 7/2*m**4 - 12 + 0*m**3 + 0*m. Suppose 0 = 227*k - 217*k - 10. Determine i(k).
-13
Suppose 41*t = -2*t + 11*t - 64. Let l(v) be the second derivative of v**5/20 + v**4/12 + v**3/3 + v. Calculate l(t).
-8
Suppose 13*q - 4357 = 20902. Let i(z) = z**3 + 2*z**2 + q*z + 1950*z - 1 - 3895*z. Give i(-3).
-4
Suppose 5*q - 5 = p, 3*q + 0*p + 5*p = 31. Let r(k) = 5*k - 1. What is r(q)?
9
Let l = -2417 - -2430. Let a(g) = -g + 4. Calculate a(l).
-9
Let j be (-477)/36 + 60/(-80). Let k(s) = -3*s - 12. What is k(j)?
30
Let f(i) = -40*i + 55. Let d(z) = -95*z + 111. Let o(w) = 3*d(w) - 7*f(w). What is o(-8)?
-12
Suppose 13*m - 298 = -272. Let z(s) = 39245 - 39245 + s**m + 12*s. Calculate z(-13).
13
Let y(q) = 2 + q**3 - q - 2132*q**2 + 2126*q**2 + 4 - 3 + 0. Calculate y(6).
-3
Suppose 9*y - 27 = 0, 5*w - 2*y - 22 = -y. Let n(f) = f**2 - 6*f + 5. What is n(w)?
0
Suppose -19 = -12*p + 17. Let i(y) = 7*y**2 - 6*y - p - y**3 - 6*y**2 - 6*y**2. What is i(-5)?
27
Let a(y) = 34*y + 4. Let c(i) = i**3 - 9*i**2 + 6*i + 14. Let u be c(8). Give a(u).
-64
Let c(w) be the first derivative of -w + 34 - 3*w**2 + 2/3*w**3. Calculate c(5).
19
Let c(x) be the third derivative of 1/6*x**5 + 25 + 1/120*x**6 - 13/6*x**3 + 0*x + x**2 + 1/12*x**4. Determine c(-10).
-33
Let a(d) = -8*d + 43. Suppose 0 = 76*n - 31*n + 95*n - 980. What is a(n)?
-13
Let r(y) = y + 8. Let c = -54 - -214. Let f = 157 - c. Let x be ((-4)/f)/(-6*(-6)/(-162)). Give r(x).
2
Let y(u) = -2*u - 9. Let i be (-4)/22 - (-3)/(66/136). Let f be (i/4)/((-72)/192). What is y(f)?
-1
Let g(k) = 60 + 16946*k**2 - 33901*k**2 + 16956*k**2 + 32*k. What is g(-30)?
0
Let h(k) = 2*k**3 + 12*k**2 + 11*k - 6. Let n be (-24 - (8 + -12))/(3 - -1). Calculate h(n).
-11
Let x(a) = -a**2 + 5. Let l(m) = 3*m**2 - 14. Let c(j) = -4*l(j) - 11*x(j). Let h(t) = 2*t**2 + 8*t + 4. Let w be h(-5). Let i = w + -14. Determine c(i).
1
Suppose 28*b + 457 = -0*b + 429. Let w(n) = -n**2 - 4*n + 7. Let j be w(-5). Let d(g) = 1 - j*g + 9*g - 2*g. What is d(b)?
-4
Let r(s) = 28*s + 292. Let o(y) = 41*y + 437. Let m(z) = 5*o(z) - 8*r(z). Calculate m(-8).
1
Let i = 49 - 47. Suppose 2*h + 3 = i*y + 5, y = 4*h - 13. Suppose 6*l = l - 3*d + 44, 0 = -d + y. Let o(g) = -g**2 + 7*g + 5. What is o(l)?
5
Let n(o) = o + 4. Let w(u) be the third derivative of u**5/30 - 7*u**4/24 + 11*u**3/6 + 203*u**2. Let v be w(3). Calculate n(v).
12
Suppose 5*z + 25 = 200. Let d = -31 + z. Let n(o) = o**3 - 7*o**2 - o + 9. Let q(w) = w**2 - w - 2. Let s(a) = n(a) + 4*q(a). Give s(d).
-3
Let n be 16/(-72) - (-15234)/27. Suppose n - 498 = -22*k. Let l(f) = -1 - 5*f**2 - 3*f + 3*f**2 + 0*f**2. Determine l(k).
-10
Suppose 16*i = 9*i + 3*i - 16. Let z(y) be the first derivative of -1/2*y**2 - 3 + y. What is z(i)?
5
Let m(g) be the first derivative of -2*g**3/3 - 3*g**2 - 7*g - 389. Determine m(-2).
-3
Suppose -2*p = -h + 3*p + 31, -2*p + 59 = 3*h. Let g(f) = h + 7*f - 10 - 12. Suppose 5*q - 5*b + 15 = 0, 5*b - 8 = 2*q + 2*b. What is g(q)?
-8
Let c(k) be the third derivative of -k**6/120 - k**5/15 - k**4/24 + k**3/3 + 1392*k**2. Let j = -3 + -1. Determine c(j).
6
Let f(u) = u**3 + 7*u**2 - u + 7. Suppose -3*d + d + 592 = 0. Suppose c - 289 + d = 0. Determine f(c).
14
Let q be 4*3 + 24 + -32. Let h(f) be the first derivative of -f + 2/3*f**3 - f**q + 0*f**2 + 6. What is h(1)?
-3
Let a(z) = z**3 - 11*z**2 + 12*z - 9. Let d be 2/4 - 11381/(-38). Let l = -290 + d. Determine a(l).
11
Let f(c) = c**3 + 5*c**2 - 52*c + 66. Let h be f(4). Let u = -4 - -9. Let s(y) = -4*y + 5 - 7 + u. Give s(h).
-5
Let v(x) = -4*x - 4. Let q(t) = t. Suppose 2*b - 3 + 1 = 0. Let y be 6/32*20*4/3. Let w(k) = b*v(k) + y*q(k). Calculate w(2).
-2
Let v be (2 + (-28)/(-4))/(3/(-99)). Let c = 298 + v. Let q(p) = -6*p**3 - p**2 + 1. Calculate q(c).
-6
Let x = -671 + 674. Let m(l) = 2*l**3 - 3*l**x + 6*l**2 - 5*l - 6*l + 7 + l. Determine m(4).
-1
Let m = 6137/5 + -36817/30. Let c(g) be the second derivative of -4*g**2 + 19*g + 0 - 1/12*g**4 - m*g**3. Give c(0).
-8
Let d(o) = o**3 + 23*o**2 - 2*o - 28. Let l = -22411 + 22388. Determine d(l).
18
Suppose -43*l = 433 - 175. Let g(o) = -o**2 - 32*o - 156. Calculate g(l).
0
Suppose 3*u - 5*k - 8 = -26, 3*k + 30 = -5*u. Let a be 806/93 - (-4)/u. Let p(i) = -i - a*i - 1 + 23*i**3 - 2*i + 12*i. Give p(1).
23
Suppose -w = -n - 9, -1 = w - 0*w - 3*n. Let g = 6 - w. Let t(r) = -r**2 - 8*r - 8. Give t(g).
-8
Let y(l) = -l**2 + 66*l + 676. Let x be y(-9). Let p(c) = -8*c**3 + 5*c**2 + 2*c - 2. What is p(x)?
-3
Let o be -1 + -4 + (10 - 3). Let d(y) = 3 - 8 + o*y**2 - 126*y - y**2 - 2*y**2 + 117*y. Determine d(-5).
15
Suppose -5*o = -c - 17, 4*o - 4 = 2*c + 2*c. Suppose -2*v - 107 = -3*a - 32, o*a - 160 = 4*v. Let n = -49 - v. Let j(t) = -t**3 - 5*t**2 - t + 5. Give j(n).
-7
Let g(w) = 36*w**2 + 684*w + 1. Let s be g(-19). Let h(l) = 44*l**2. Calculate h(s).
44
Let t(w) = -2*w**2 + 27*w - 26. Let z be t(12). Let y(u) = u - 4. Let b be y(6). Let s be -2 + b + (z - 4)*-2. Let l(d) = -d - 7. Calculate l(s).
5
Suppose -17 = 4*c - 0*c + 5*x, -4 = -c - 4*x. Suppose 3*k - 3*a - 2 = -11, 18 = -2*k + 5*a. Let l(s) = -s + s - s + k - 9. Calculate l(c).
0
Let u(h) be the third derivative of 103 + 0*h - 1/6*h**4 - h**2 + 0*h**3. What is u(-1)?
4
Let j(i) = i + 10. Let a(n) = -7*n**2 - 9*n**2 + 10*n + 29*n**2 + 12 - 12*n**2. Let s be a(-4). Give j(s).
-2
Let m(n) = 792090*n - 792078*n - 39 - 28. Calculate m(4).
-19
Let l(o) = 79249*o - 158496*o + o**3 - 6*o**2 + 5 + 79249*o. Give l(4).
-19
Suppose -12 = -4*r - 4. Let k be ((6/3)/r)/1 + -4. Let a(p) = -20 + 2*p**2 + 2*p + 35 - 15. What is a(k)?
12
Let o(x) = -5*x**3 - 6*x**2 + 11*x. Let v(a) = 6*a**3 + 6*a**2 - 12*a. Let s be 16/96 + (-23)/(-6). Let k(b) = s*v(b) + 5*o(b). What is k(-7)?
0
Suppose x + 24 = 3*x. Let g(i) = -2*i**2 + i**2 - 14 + x + 3*i. Suppose -2*q + 6 = 0, -4*q = -3*u + 4*u - 14. Give g(u).
0
Let z(a) = -8*a**2 + 7*a + 12. Let x(r) = -3*r**2 - 6*r - 7. Let c be x(-1). Let h(u) = -2*u - 1 - 3 + 0 + 3*u**2. Let v(b) = c*z(b) - 11*h(b). Calculate v(-6).
-4
Let s(y) be the third derivative of 1/40*y**6 + 0*y**4 + 1/6*y**3 - 6*y + 21*y**2 - 1/30*y**5 + 0. Suppose -3*p = 5*f + 2 + 3, -4*f + 3*p - 4 = 0. Give s(f).
-4
Suppose 0 = 2*o - 6, 2*q - 2*o - o - 1 = 0. Let g(n) = 5*n**2 - 75*n + 40*n - 4 - n**3 + 38*n. What is g(q)?
11
Let s(b) = 8*b + 3. Suppose 6*a + 7 = 19. Let p(t) = -9*t - 4. Let c = 17 - 14. Let y(u) = a*p(u) + c*s(u). Determine y(1).
7
Let r(t) = -t**3 + 2*t + 3. Suppose 16 = 5*y + 1. Suppose -5*w + 0*k - k = -21, 0 = -y*w - 2*k + 14. Suppose w*s + 32 - 24 = 0. What is r(s)?
7
Let x be -2*(-2)/((-28)